remainder when 378271 is divided by 54038?
5
What is the remainder when 12646 is divided by 2071?
220
Calculate the remainder when 12140 is divided by 243.
233
What is the remainder when 1049811 is divided by 149970?
21
Calculate the remainder when 936 is divided by 261.
153
Calculate the remainder when 13539 is divided by 6745.
49
What is the remainder when 207783 is divided by 76?
75
Calculate the remainder when 52121 is divided by 21.
20
Calculate the remainder when 40531 is divided by 20.
11
Calculate the remainder when 109340 is divided by 152.
52
What is the remainder when 7399 is divided by 151?
0
What is the remainder when 157572 is divided by 573?
570
What is the remainder when 18649 is divided by 71?
47
What is the remainder when 3820 is divided by 225?
220
Calculate the remainder when 2612 is divided by 1299.
14
What is the remainder when 583086 is divided by 46?
36
What is the remainder when 20178 is divided by 4027?
43
What is the remainder when 9770 is divided by 28?
26
What is the remainder when 4510 is divided by 561?
22
What is the remainder when 74335 is divided by 404?
403
Calculate the remainder when 6585 is divided by 159.
66
What is the remainder when 1443 is divided by 352?
35
Calculate the remainder when 36423 is divided by 157.
156
Calculate the remainder when 26510 is divided by 736.
14
What is the remainder when 274735 is divided by 23?
0
Calculate the remainder when 443065 is divided by 479.
469
Calculate the remainder when 8316 is divided by 104.
100
Calculate the remainder when 205259 is divided by 12.
11
Calculate the remainder when 18185 is divided by 93.
50
What is the remainder when 62615 is divided by 559?
7
Calculate the remainder when 12686 is divided by 12596.
90
Calculate the remainder when 77402 is divided by 645.
2
Calculate the remainder when 2319 is divided by 102.
75
Calculate the remainder when 274923 is divided by 34364.
11
Calculate the remainder when 12560 is divided by 901.
847
What is the remainder when 179657 is divided by 25664?
9
What is the remainder when 68867 is divided by 34?
17
Calculate the remainder when 182155 is divided by 16557.
28
Calculate the remainder when 7710 is divided by 485.
435
What is the remainder when 12061 is divided by 74?
73
What is the remainder when 7770 is divided by 46?
42
What is the remainder when 33820 is divided by 47?
27
What is the remainder when 21391 is divided by 15?
1
What is the remainder when 455545 is divided by 39?
25
Calculate the remainder when 34928 is divided by 41.
37
Calculate the remainder when 14547 is divided by 38.
31
What is the remainder when 4575 is divided by 4367?
208
Calculate the remainder when 175819 is divided by 58577.
88
Calculate the remainder when 1433 is divided by 129.
14
What is the remainder when 5170 is divided by 5127?
43
What is the remainder when 11082 is divided by 557?
499
What is the remainder when 14243 is divided by 7114?
15
Calculate the remainder when 8524 is divided by 346.
220
Calculate the remainder when 42233 is divided by 19.
15
Calculate the remainder when 10725 is divided by 83.
18
Calculate the remainder when 19633 is divided by 2439.
121
Calculate the remainder when 1081 is divided by 504.
73
Calculate the remainder when 10489 is divided by 1149.
148
What is the remainder when 3454 is divided by 1692?
70
What is the remainder when 1723629 is divided by 170?
169
Calculate the remainder when 207429 is divided by 10.
9
Calculate the remainder when 19044 is divided by 37.
26
Calculate the remainder when 1681 is divided by 50.
31
What is the remainder when 3820 is divided by 167?
146
Calculate the remainder when 12881177 is divided by 481.
478
Calculate the remainder when 4184 is divided by 79.
76
What is the remainder when 13180 is divided by 300?
280
Calculate the remainder when 99559 is divided by 110.
9
What is the remainder when 249476 is divided by 110?
106
Calculate the remainder when 30165 is divided by 2325.
2265
Calculate the remainder when 2286 is divided by 760.
6
Calculate the remainder when 85126 is divided by 17024.
6
What is the remainder when 55584 is divided by 3088?
0
Calculate the remainder when 33632 is divided by 1458.
98
Calculate the remainder when 475362 is divided by 475362.
0
What is the remainder when 32156 is divided by 16077?
2
What is the remainder when 2627 is divided by 18?
17
What is the remainder when 1362 is divided by 101?
49
Calculate the remainder when 17741 is divided by 371.
304
What is the remainder when 2524 is divided by 825?
49
Calculate the remainder when 32464 is divided by 7.
5
What is the remainder when 494782 is divided by 131?
126
What is the remainder when 346184 is divided by 11167?
7
Calculate the remainder when 59479 is divided by 19799.
82
Calculate the remainder when 8438 is divided by 7.
3
Calculate the remainder when 1753615 is divided by 5.
0
What is the remainder when 70810 is divided by 70774?
36
What is the remainder when 69935 is divided by 103?
101
What is the remainder when 4925 is divided by 202?
77
Calculate the remainder when 135105 is divided by 44976.
177
What is the remainder when 201722 is divided by 512?
506
Calculate the remainder when 1651 is divided by 19.
17
Calculate the remainder when 212851 is divided by 292.
275
What is the remainder when 9189 is divided by 263?
247
Calculate the remainder when 1143 is divided by 148.
107
Calculate the remainder when 693881 is divided by 53375.
6
What is the remainder when 29908 is divided by 736?
468
Calculate the remainder when 37486 is divided by 937.
6
What is the remainder when 4364101 is divided by 214?
213
What is the remainder when 948 is divided by 448?
52
What is the remainder when 2493 is divided by 272?
45
Calculate the remainder when 46911 is divided by 7.
4
Calculate the remainder when 32794 is divided by 50.
44
What is the remainder when 3607 is divided by 211?
20
What is the remainder when 114389 is divided by 410?
409
Calculate the remainder when 78760 is divided by 15750.
10
Calculate the remainder when 9552 is divided by 54.
48
Calculate the remainder when 7862 is divided by 7797.
65
What is the remainder when 31813 is divided by 160?
133
Calculate the remainder when 2182 is divided by 258.
118
What is the remainder when 504839 is divided by 84139?
5
Calculate the remainder when 2594793 is divided by 864931.
0
What is the remainder when 15544 is divided by 5164?
52
Calculate the remainder when 3976 is divided by 303.
37
What is the remainder when 12869 is divided by 79?
71
What is the remainder when 1112 is divided by 546?
20
What is the remainder when 22456 is divided by 82?
70
Calculate the remainder when 3507 is divided by 1151.
54
Calculate the remainder when 18787 is divided by 4613.
335
What is the remainder when 57344 is divided by 57324?
20
What is the remainder when 459353 is divided by 1714?
1
What is the remainder when 1477 is divided by 374?
355
Calculate the remainder when 180 is divided by 41.
16
Calculate the remainder when 6014 is divided by 537.
107
Calculate the remainder when 17054 is divided by 438.
410
Calculate the remainder when 5589723 is divided by 1444.
1443
What is the remainder when 422122 is divided by 29?
27
Calculate the remainder when 17045 is divided by 588.
581
What is the remainder when 5733 is divided by 1917?
1899
What is the remainder when 1018538 is divided by 802?
800
What is the remainder when 75202 is divided by 435?
382
Calculate the remainder when 137659 is divided by 9.
4
What is the remainder when 1932 is divided by 255?
147
What is the remainder when 71527 is divided by 251?
243
Calculate the remainder when 16047 is divided by 574.
549
Calculate the remainder when 219022 is divided by 702.
700
What is the remainder when 214802 is divided by 486?
476
Calculate the remainder when 5906 is divided by 543.
476
Calculate the remainder when 1943 is divided by 1335.
608
What is the remainder when 25386 is divided by 8459?
9
What is the remainder when 3696 is divided by 383?
249
What is the remainder when 23972 is divided by 502?
378
What is the remainder when 21319 is divided by 21279?
40
What is the remainder when 8989 is divided by 2236?
45
Calculate the remainder when 261949 is divided by 43658.
1
Calculate the remainder when 10